Let c(h) = -h**3 + 0*h**3 - 4*h**2 - 1 + 0. Determine c(t).
-9
Suppose -c - 2*n = n - 125, 4*n - 460 = -4*c. Let f be 88/c*(-10)/(-4). Suppose 0 = f*p - 19 + 7. Let y(u) = u + 2. Give y(p).
8
Let a(k) = k**2 + 3*k. Let v be a(-3). Suppose v = -3*s - 2*b + 18, -b - 52 = -5*s + 3*b. Let z(i) = -i**3 + 8*i**2 - 2*i + 19. Give z(s).
3
Let n(s) = 6*s**2 - 10*s - s + 8*s + 2 - s**3 - s. Let w(z) = z**3 + 12*z**2 + 25*z - 12. Let v be w(-9). Determine n(v).
-22
Let x(b) = b**2 + b - 7. Let j be 4 - -1 - -1 - 3. Let m(t) = -20 + 3*t + 6*t + t - t - 5*t + 3*t**2. Let u(p) = j*m(p) - 8*x(p). What is u(-6)?
8
Let b(s) be the first derivative of -4*s**2 - s + 168. Suppose -5*m + 2*m = -69. Let q = 22 - m. Give b(q).
7
Let f(t) = 2*t**2 - 7 - 7*t**3 + t**2 - 4*t**2 + 5 - 6 + 3*t. Let x(a) = -12*a**3 - 3*a**2 + 6*a - 15. Let v(i) = -5*f(i) + 3*x(i). What is v(-4)?
-17
Let t(m) be the second derivative of 1/24*m**4 + 0*m**2 + 0 - 1/120*m**5 - 3/2*m**3 - 11*m. Let v(b) be the second derivative of t(b). Calculate v(6).
-5
Let o = -212 + 217. Suppose o*y = 3*n - 10, 13 = -2*y - 2*n - 7. Let w(k) = k - 2. Determine w(y).
-7
Let u be ((15/(-2))/(-1))/(744/(-992)). Let b(f) = f + 28. What is b(u)?
18
Let i(c) = -c**3 + 9*c**2 + 15*c - 45. Let h(w) = -w**2 - 22*w - 86. Let s be h(-16). Let k be i(s). Let j(x) = -x**3 + 6*x**2 - 6*x + 2. Determine j(k).
-3
Let z be 10/(-3)*(-4*132/80 - -9). Let c(k) = k**3 - 5 + 4*k + 0*k**3 + 8*k**2 + 30. Let u be c(z). Let t(y) = y**2 + 7*y + 7. Determine t(u).
7
Let l(p) = 6*p - 12. Let t = -1171 - -1175. Give l(t).
12
Suppose -2*g + 8 = -3*r, -4*g + 8 = 4*r - 2*g. Let s(k) = -5*k**2 + 24*k**2 - k**2 + k - 9*k**2 - 8*k**2 + 5. Calculate s(r).
5
Let g(b) = 213*b**2 + 56 - b - 55 + 210*b**2 - 424*b**2. Suppose 0 = -2*a - a + 18. Let o(p) = 2*p - 9. Let c be o(a). Determine g(c).
-11
Let p = 20509 + -20512. Let r(c) = -c**3 + c**2 + c. Let n(i) = -5*i**3 + 8*i**2 + i - 2. Let s(f) = n(f) - 6*r(f). Give s(p).
4
Let k = 67 - 73. Let o(a) be the third derivative of -a**4/4 + a**3 - 3*a**2. Let f(x) = -7*x + 6. Let p(i) = k*o(i) + 5*f(i). Give p(0).
-6
Let l(v) = -33*v**2 + 7*v + 5. Let y(h) = -3 + 48*h - 52*h - 10*h**2 + 27*h**2. Let z(r) = 3*l(r) + 5*y(r). Calculate z(-1).
-15
Let i(v) = -3*v - 27. Suppose -20*s - 2267 = -2107. What is i(s)?
-3
Suppose f = 2*g + 3*g - 5, -g + 1 = 0. Let a be f/(-7) - (-69)/(-3). Let c = -25 - a. Let r(j) = -j - 1. What is r(c)?
1
Let g(t) = 6*t + 1. Let d(b) = 2*b + 13. Let k(o) = o + 11. Let q(l) = 6*d(l) - 7*k(l). Suppose -3*c + 2*c + 6 = 0. Let p(n) = c*g(n) - 7*q(n). Calculate p(1).
0
Let l(n) be the second derivative of -n**4/6 + n**3 + 3*n**2/2 + 22*n. Let y(j) = j**2 + j. Let g(m) = -l(m) - 3*y(m). Suppose 5*o - 6*o - 8 = 0. What is g(o)?
5
Let o(x) = 228*x + 257. Let g(b) = -35*b - 43. Let i(k) = -13*g(k) - 2*o(k). Calculate i(20).
25
Let x(y) = y**2 + y. Suppose 0 = -l - 4, 0*m - 4*l = m + 13. Suppose d = -4*p + 10 - 15, m*d + 1 = 2*p. Calculate x(p).
0
Let d(t) = t**3 - 12*t**2 + 23*t + 2. Let y(j) = -j**3 + 5*j**2 + 6*j - 6. Let a be y(-2). Determine d(a).
32
Let m(z) = 217*z + 1463. Let h(l) = 44*l + 294. Let n(d) = -14*h(d) + 3*m(d). Calculate n(-8).
-7
Let m(t) = -t**3 + 14*t**2 - 13*t + 3. Let v be m(13). Let f(x) = 7*x**2 - v*x**2 + 0*x**2 - 9*x**2. Let r = -10 + 11. Determine f(r).
-5
Let s(q) = 4*q - 11. Let o be (-36 - 127)/(1/4). Let k = o - -656. What is s(k)?
5
Let x(b) be the third derivative of -b**6/120 - b**5/12 + b**4/4 - 5*b**3/6 - 919*b**2. Calculate x(-6).
-5
Let b(l) = -l**2 + 19*l - 50. Let t be b(17). Let z be ((-285)/(-190))/(6/t*2). Let v(a) = -a**3 - a**2 + 1. Determine v(z).
5
Suppose -2*c = z + 11, 0*z + 2*z + 1 = -c. Let s = c - -12. Let g(j) = 3*j**3 - 4*j**3 + 0*j**3 + 2*j**2 + s*j - 4*j. What is g(-1)?
2
Let z(l) = 5 - 49*l + 33*l + 15*l. Suppose -39 = -6*j + 3. What is z(j)?
-2
Let h(j) = -2*j - 4. Suppose -18 = -5*v + 17. Suppose -v*k - 9 - 12 = 0. Calculate h(k).
2
Let f(r) be the first derivative of r**4/4 + 4*r**3/3 - 2*r - 3. Let d(x) = -x**2 + 9*x + 20. Let p be d(9). Suppose -16 = p*v - 16*v. Determine f(v).
-2
Let i(l) = 4*l + 2. Let w be (-3268)/(-16) + 3/4. Suppose -4*o + w = 5*x, -o + 6*x + 67 = 2*x. Let q = o + -58. What is i(q)?
-10
Suppose -3*u = -3*k + 21 - 27, -14 = 2*u - 5*k. Let d(o) = -1 + 2 + 3 - 9*o + 4 + o**2. Give d(u).
0
Let g = 7263 + -7267. Let b(a) = 2*a**3 + 4*a**2 + 4*a + 5. Calculate b(g).
-75
Let y(z) = -23692 + 12*z**3 - 23688 + 47381 + 3*z**2 + 3*z. What is y(-1)?
-11
Let w(o) = -2*o**2 - 55*o + 19. Suppose -5*p - 41*d + 47*d - 116 = 0, 3*p - d + 80 = 0. Determine w(p).
-9
Let i(v) = 63*v + 23. Let h(r) = -136*r - 46. Let g(j) = 6*h(j) + 13*i(j). What is g(-9)?
-4
Let v(q) be the first derivative of -2*q**2 + 2*q + 40. Let x(p) = 3*p**2 - p. Let u be x(1). Let t be 1 - (u + 2) - 1. What is v(t)?
18
Let a(p) be the first derivative of 4*p + 82 - 1/3*p**3 + p**2. Give a(-3).
-11
Let h be (4/(-10))/(6/(-840)). Suppose -3*n + 0*n - 69 = -z, -z + 65 = -2*n. Let b = h - z. Let i(t) = 3*t**2 + 2*t + 1. Give i(b).
2
Let f(n) = n**2 - 31*n**2 + 51 + 10*n + 12*n**2 + 16*n**2. What is f(8)?
3
Let c(p) = -5*p + 5. Suppose 38*w = 29*w + 72. Let x(u) = -31*u + 252. Let v be x(w). Determine c(v).
-15
Let c(g) = 6*g - 49. Suppose 176 = 10*z + 12*z. Give c(z).
-1
Let o(h) = -292 + 143 + h + 73 + 3*h. Determine o(6).
-52
Let j(m) = -9*m + 15*m + 8*m - 29*m + 1 + 16 + 12*m. Suppose 3*c - 24 = -2*x + 12, -4*x = 5*c - 62. What is j(c)?
-13
Let c = 2 + -4. Let v(y) = 1 + 2*y + 399*y**2 + 399*y**2 - 800*y**2. Give v(c).
-11
Let n(q) = -q**2 - 6*q - 5. Let g(x) = 4*x**2 + 24*x + 19. Let z(v) = 2*g(v) + 9*n(v). Let u be 2*1 - (-28)/7. Let j be (1*-2)/(u/15). Give z(j).
-2
Let x(o) = 12*o + 19. Let v = -6428 - -6424. Determine x(v).
-29
Let d = 3 + -4. Let f be ((-5)/10)/(d*3/(-96)). Let k be -1 - -3*f/12. Let g(z) = -z**3 - 5*z**2 - z + 7. Determine g(k).
12
Let j(v) = -v**2 + v - 1. Let y(d) = -4*d**2 + 16*d + 9. Let m(k) = 5*j(k) - y(k). Let z be m(-10). Let x(q) = q**3 + 3*q**2 - 5*q - 6. Give x(z).
-2
Let u(o) = 1181*o - 2325*o - 3 + o**2 + 1148*o - 4. Suppose 2*h - q = -11, 3*q + q = 4*h + 20. What is u(h)?
5
Suppose 3*w + 0*w = 12, w + 3149 = 3*j. Suppose -1031 = 2*l - j. Let z(t) = -t**2 + 15*t - 8. Calculate z(l).
42
Let w(f) = 268*f + 2217. Let o(p) = 62*p + 443. Let b(i) = 11*o(i) - 2*w(i). Calculate b(-3).
1
Let w(i) = 25*i**3 - i**2 - i. Suppose 6*c = 4*h + c - 43, 5*c - 6 = -3*h. Let r be h/(-3 - 4) - 0. Give w(r).
-25
Let m(l) be the third derivative of l**6/180 + l**5/60 - l**4/24 + 107*l**3/6 + 174*l**2. Let w(r) be the first derivative of m(r). Give w(-4).
23
Let o(h) = 70496*h + 70494*h - 140997*h + 60. Determine o(8).
4
Let w(s) = -s**3 - 2*s**2 + 13*s + 11. Let t(a) = -2*a**2 - 25*a - 83. Let b be t(-6). Give w(b).
21
Let o(t) = -t**2 - 5*t + 35. Let c be (-88)/32 + -6 + 1/(-4). Determine o(c).
-1
Let p be 8/9*-3*(-6)/4. Let o(f) be the second derivative of 0 + 0*f**2 + 2/3*f**3 + 3*f - 1/12*f**4. What is o(p)?
0
Let w(l) = -2 + 1 - 5*l**3 - 854116*l + 3*l**2 + 854114*l + 72*l**3. Give w(1).
67
Let b(d) = 4*d - 16*d + 26*d - 10*d - 7*d + 34. Determine b(15).
-11
Let u(n) = 10*n + 107. Let p(c) = 1141*c - 7997. Let h be p(7). What is u(h)?
7
Let g(b) = -b**3 + 6*b**2 + 3. Let m(n) = n + 15. Let z be m(-9). Let y(f) = z*f + 7*f**2 - 18 - 3 - 6*f**2. Let v be y(-9). Calculate g(v).
3
Let m(h) = -h**2 + 8*h - 8. Let f(c) = -c**3 - 5*c**2 + 7*c - 2. Let k be f(-6). Let x(w) = -2*w - 9. Let z be x(k). Calculate m(z).
-1
Let a(x) = x**2 + 2*x + 7. Let i(s) be the third derivative of s**5/30 + s**4/12 + 4*s**3/3 + 22*s**2 + 1. Let u(p) = 3*a(p) - 2*i(p). What is u(3)?
2
Let f = -32 + 24. Let w(t) = t - 3. Let b(o) = 7*o - 20. Let q(a) = b(a) - 6*w(a). Give q(f).
-10
Let x(s) be the first derivative of s**5/20 + 7*s**4/12 - s**3/3 - 19*s**2/2 - 95*s + 50. Let a(u) be the first derivative of x(u). What is a(-7)?
-5
Let a(i) = 3*i**2 - 15*i - 1. Let y be 63*(9/81)/(-9 + 10). Give a(y).
41
Let n = 11 - 17. Suppose 17*u - 18*u + 57 = 0. Let k(x) = -4*x + u - 32 - 30. Determine k(n).
19
Let g(n) = 3*n + 101. Let l be g(16). Let r(o) = -149*o - l*o + 299*o. Give r(-10).
-10
Let v(o) be the first derivative of o**3/3 + 10*o**2 + 92*o + 2891. 